oes 26 divide 1378572?
True
Is 144 a factor of 6581291?
False
Is 6 a factor of 1123115?
False
Is 709397 a multiple of 71?
False
Is 204 a factor of 6587364?
True
Is 519 a factor of 8306644?
False
Is 278 a factor of 281058?
True
Is 4 a factor of 2390468?
True
Is 49950 a multiple of 135?
True
Does 19 divide 26681?
False
Does 56 divide 114464?
True
Is 5 a factor of 30140?
True
Does 30 divide 40770?
True
Is 165250 a multiple of 250?
True
Does 8 divide 215022?
False
Does 20 divide 312195?
False
Does 59 divide 37817?
False
Is 49216 a multiple of 32?
True
Is 4755086 a multiple of 24?
False
Is 1064309 a multiple of 96?
False
Does 12 divide 162496?
False
Does 266 divide 83228?
False
Does 6 divide 21186?
True
Does 27 divide 203580?
True
Does 13 divide 455208?
True
Does 52 divide 1317114?
False
Is 1047744 a multiple of 136?
True
Is 17037509 a multiple of 307?
False
Is 2159496 a multiple of 12?
True
Is 66 a factor of 733260?
True
Is 209 a factor of 298243?
True
Is 9912096 a multiple of 813?
True
Does 13 divide 7704034?
True
Does 54 divide 3516732?
False
Is 3307065 a multiple of 118?
False
Is 4598178 a multiple of 13?
True
Is 2959450 a multiple of 1054?
False
Is 33117344 a multiple of 691?
False
Is 72 a factor of 837211?
False
Does 479 divide 109691?
True
Is 270 a factor of 6048540?
True
Does 34 divide 101493?
False
Is 15 a factor of 455945?
False
Does 8 divide 145359?
False
Does 51 divide 281914?
False
Is 198 a factor of 78097?
False
Is 139554 a multiple of 301?
False
Does 130 divide 1278178?
False
Is 255156 a multiple of 15?
False
Is 7059519 a multiple of 79?
True
Does 517 divide 3047715?
True
Is 99357 a multiple of 5?
False
Does 65 divide 76708?
False
Does 6 divide 8436?
True
Is 1570 a factor of 5932481?
False
Is 11 a factor of 1127225?
True
Is 473 a factor of 4520934?
True
Is 370159 a multiple of 15?
False
Is 31939 a multiple of 19?
True
Does 105 divide 11655014?
False
Is 58 a factor of 715952?
True
Is 3311952 a multiple of 289?
False
Does 38 divide 16291?
False
Is 8 a factor of 221976?
True
Does 158 divide 1172628?
False
Is 89 a factor of 5175617?
True
Does 18 divide 1831950?
True
Is 4 a factor of 14318?
False
Is 220 a factor of 62920?
True
Is 40 a factor of 110680?
True
Is 64702 a multiple of 187?
True
Does 41 divide 18577?
False
Is 13 a factor of 1037560?
False
Is 13 a factor of 2485654?
False
Is 288 a factor of 92040?
False
Is 73374 a multiple of 3?
True
Is 775 a factor of 2352?
False
Is 866586 a multiple of 94?
True
Is 394 a factor of 13744690?
True
Is 6 a factor of 2886564?
True
Is 23363935 a multiple of 23?
False
Does 329 divide 2649766?
True
Is 416392 a multiple of 44?
False
Is 10150686 a multiple of 13?
True
Is 38 a factor of 391022?
False
Is 16 a factor of 7062463?
False
Is 132 a factor of 6286647?
False
Is 58331 a multiple of 13?
True
Is 69 a factor of 625490?
False
Is 2572700 a multiple of 65?
True
Does 480 divide 2153937?
False
Does 151 divide 6219237?
True
Is 192816 a multiple of 144?
True
Does 9 divide 561469?
False
Is 562 a factor of 415100?
False
Is 53 a factor of 116811?
False
Is 8630 a multiple of 58?
False
Is 240 a factor of 15126?
False
Is 244701 a multiple of 243?
True
Is 72423 a multiple of 13?
True
Does 40 divide 198337?
False
Does 211 divide 23210?
True
Is 254 a factor of 124973?
False
Does 219 divide 230826?
True
Is 13 a factor of 53496?
False
Is 4727446 a multiple of 76?
False
Is 18 a factor of 135828?
True
Does 7 divide 68434?
False
Is 778983 a multiple of 74?
False
Does 65 divide 714778?
False
Does 9 divide 6261625?
False
Is 16 a factor of 4786432?
True
Is 16563 a multiple of 67?
False
Does 892 divide 176616?
True
Does 4 divide 297203?
False
Does 88 divide 103334?
False
Is 4703335 a multiple of 13?
True
Does 22 divide 153270?
False
Is 14 a factor of 389908?
False
Is 184 a factor of 1270746?
False
Is 142 a factor of 211580?
True
Is 6 a factor of 29423?
False
Does 3 divide 7540?
False
Is 7 a factor of 333482?
False
Is 3864258 a multiple of 151?
False
Is 139 a factor of 1461863?
True
Is 88 a factor of 5408656?
True
Is 3663378 a multiple of 34?
False
Is 332 a factor of 1593268?
True
Is 212085 a multiple of 30?
False
Is 522417 a multiple of 13?
False
Is 1781171 a multiple of 1031?
False
Is 60 a factor of 543840?
True
Does 29 divide 312787?
False
Does 10 divide 42220?
True
Is 288 a factor of 443182?
False
Does 81 divide 265184?
False
Is 417736 a multiple of 14?
False
Is 874159 a multiple of 143?
True
Does 1003 divide 5465309?
False
Is 8172 a multiple of 6?
True
Is 236951 a multiple of 205?
False
Is 6 a factor of 338084?
False
Is 218 a factor of 920872?
False
Is 1288156 a multiple of 4?
True
Does 5 divide 31827?
False
Does 612 divide 768672?
True
Is 534 a factor of 352440?
True
Is 9 a factor of 3150?
True
Does 37 divide 227217?
True
Does 310 divide 9708270?
True
Is 17 a factor of 834969?
False
Does 13 divide 2115613?
False
Does 129 divide 20382?
True
Does 619 divide 8969419?
False
Is 3023685 a multiple of 1305?
True
Does 7 divide 9587032?
True
Does 131 divide 1003606?
False
Is 2711126 a multiple of 6?
False
Does 82 divide 526780?
False
Is 137 a factor of 62472?
True
Does 21 divide 461769?
True
Does 14 divide 1910590?
False
Does 25 divide 341225?
True
Is 1127500 a multiple of 220?
True
Is 586787 a multiple of 26?
False
Is 382 a factor of 1303384?
True
Is 19 a factor of 13892302?
False
Is 21 a factor of 110119?
False
Is 40 a factor of 42232?
False
Is 33087115 a multiple of 156?
False
Does 251 divide 20817470?
False
Is 196 a factor of 204696?
False
Is 29260 a multiple of 76?
True
Is 130585 a multiple of 7?
True
Is 70972 a multiple of 22?
True
Does 16 divide 12532?
False
Does 131 divide 517419?
False
Does 15 divide 4749237?
False
Does 20 divide 21020?
True
Does 59 divide 112779?
False
Does 22 divide 704031?
False
Is 208003 a multiple of 20?
False
Is 2745120 a multiple of 129?
True
Is 9550641 a multiple of 1035?
False
Is 62 a factor of 9069732?
True
Is 119 a factor of 3581781?
True
Is 26 a factor of 60892?
True
Is 10 a factor of 10331020?
True
Is 16768 a multiple of 102?
False
Is 247950 a multiple of 90?
True
Does 62 divide 156662?
False
Is 2939522 a multiple of 5?
False
Is 1886316 a multiple of 764?
True
Is 1252497 a multiple of 89?
True
Is 208 a factor of 2663856?
True
Is 2013087 a multiple of 11?
False
Is 482664 a multiple of 156?
True
Is 24 a factor of 3245976?
True
Is 31 a factor of 416454?
True
Is 201650 a multiple of 74?
True
Is 122 a factor of 914756?
True
Is 219570 a multiple of 78?
True
Is 7468484 a multiple of 146?
True
Is 301 a factor of 14224?
False
Is 16 a factor of 173920?
True
Does 568 divide 3149500?
False
Does 12 divide 307411?
False
Is 1603731 a multiple of 757?
False
Is 456610 a multiple of 35?
True
Does 237 divide 3561162?
True
Is 230143 a multiple of 31?
False
Is 418 a factor of 1702932?
True
Does 71 divide 355?
True
Is 5603328 a multiple of 256?
True
Is 26 a factor of 144170?
True
Is 657 a factor of 12679443?
True
Is 96 a factor of 119520?
True
Is 334 a factor of 5143056?
False
Does 119 divide 212653?
True
Is 339 a factor of 122718?
True
Is 2 a factor of 197107?
False
Is 1322014 a multiple of 16?
False
Does 56 divide 276628?
False
Does 3 divide 30734?
False
Is 8264146 a multiple of 6?
False
Does 15 divide 1603020?
True
Is 187205 a multiple of 124?
False
Is 58 a factor of 309662?
True
Is 35 a factor of 3679766?
False
Does 59 divide 6401205?
True
Does 71 divide 498633?
True
Is 95798 a multiple of 9?
False
Is 46 a factor of 1233214?
True
Is 16 a factor of 14256?
True
Is 807 a factor of 19727115?
True
Is 2887016 a multiple of 15?
False
Is 7 a factor of 2697379?
False
Is 104916 a multiple of 21?
True
Is 60 a factor of 7034951?
False
Is 10 a factor of 817642?
False
Does 111 divide 314393?
False
Is 27434 a multiple of 11?
True
Is 24 a factor of 14622024?
True
Is 113 a factor of 2753781?
False
Is 683527 a multiple of 744?
False
Is 526682 a multiple of 19?
False
Is 10 a factor of 8982738?
False
Is 17 a factor of 550197?
False
Does 195 divide 2625480?
True
Is 190 a factor of 178525?
False
Does 2 divide 37512?
True
Does 524 divide 4166324?
True
Is 46 a factor of 420102?
False
Does 1270 divide 17305020?
True
Is 13 a factor of 1439542?
True
Is 328825 a multiple of 25?
True
Does 57 divide 155406?
False
Does 70 divide 92071